0. What is the tens digit of y?
1
Suppose -96 = -2*g - 2*l - 3*l, -8 = -2*l. What is the units digit of g?
8
Suppose 2*m + 3 = 5. Suppose -11 = 4*t + m. What is the units digit of (1 + t + 1)*-7?
7
Let u = 61 - 36. What is the units digit of u?
5
Let o = -15 - -18. What is the units digit of o?
3
Suppose 0 = -o - 0*o + 4. Suppose 13 = o*s - 3. Suppose -15 = -m + 2*a - 3*a, 0 = -3*m + s*a + 52. What is the units digit of m?
6
Let m = 31 + 7. What is the units digit of m?
8
Let z = -32 + 69. What is the units digit of z?
7
Let v = -48 + 93. What is the units digit of v?
5
Let h(k) be the first derivative of 3*k**2/2 - 11*k - 2. What is the tens digit of h(10)?
1
Suppose 0 = 4*c - c + 3. Let r = c - -3. What is the units digit of r?
2
Let q = -59 - -83. What is the units digit of q?
4
What is the hundreds digit of (-97)/(-12)*39 - (-2)/(-8)?
3
Let u be 0 + (0 - (1 - 0)). Let d = -6 + u. Let k = d + 15. What is the units digit of k?
8
Let q = -33 + 58. What is the tens digit of q?
2
Let h = -153 + 283. What is the tens digit of h?
3
Let j = 3 + 1. Suppose 5*l = -j*a - 6, 2*l + 3*a - 4 + 12 = 0. Suppose 5*x + 19 = -l*k, -k = -x + 2*x + 2. What is the units digit of k?
3
Suppose 5*p = 8*p - 474. What is the hundreds digit of p?
1
Let w(p) = -p**3 + 10*p**2 + 13*p - 14. Let n be w(11). What is the tens digit of 214/n + (-2)/(-8)?
2
Suppose 5*f = -5*t + 100, 44 = 3*t - f - 4*f. What is the tens digit of t?
1
Let g be 3/2*-2 + 0. Let q be 0*(g + 2 - -2). Suppose 0*s - s + l = -4, -4*s + 5*l + 13 = q. What is the units digit of s?
7
What is the tens digit of 396/27 - (-2)/6?
1
Let m(f) = 15*f**2 + 11*f - 5. What is the tens digit of m(3)?
6
Let h = -11 + 15. Suppose 3*q = 5*a + 30, h*q + a - 23 = 2*a. Suppose 2*v + 6 = q*v. What is the units digit of v?
2
Suppose -a = a - 3*d - 23, -4*d = 2*a - 16. What is the tens digit of a?
1
Let t = 9 - 18. Let j = -5 - t. What is the units digit of j?
4
Suppose j = 2*j - 1, -5*u + 2*j + 413 = 0. Let x = -48 + u. Suppose 5*m + 4*l - x = 0, 3*m = 2*l - 4*l + 21. What is the units digit of m?
7
Let m(x) = -6*x + 9. What is the tens digit of m(-3)?
2
Let c be (13 + -11)*2/1. Suppose -19 = -m - 2*m - c*l, -3*l + 18 = 3*m. What is the units digit of m?
5
Let i(a) = -7*a - 1. What is the tens digit of i(-5)?
3
Let o be 2/(-8) - 2/(-8). Suppose -8*i + 4*i + 172 = o. What is the units digit of i?
3
Let x be (-6 + -2)*(-6)/(-4). Let g = -8 - x. Suppose 0*i + b - 49 = -g*i, 15 = i + 3*b. What is the tens digit of i?
1
Let k be (9/18)/(2/24). What is the tens digit of (-4)/k*(-225)/10?
1
Suppose 0 = -x - 5 + 18. What is the units digit of x?
3
Suppose -3*p + 269 = -5*h, 5*p - 577 = h - 92. What is the tens digit of p?
9
Let h = 29 + -154. Let k = h + 176. What is the units digit of k?
1
Let b(c) = c**2 - 3*c - 3. Let x(h) = -3*h + 23. Let i(n) = -n + 8. Let f(l) = 17*i(l) - 6*x(l). Let g be f(7). What is the units digit of b(g)?
7
Suppose 642 + 654 = 12*s. What is the tens digit of s?
0
Let i = -124 + 214. What is the units digit of i?
0
Let v = 179 + -85. What is the units digit of v?
4
Suppose -513 = -2*g - 185. What is the tens digit of g?
6
Suppose -d + 1 = 0, -3*t + 0*t = -3*d + 9. Let w be (t*1)/((-3)/15). Suppose -3*h + j + 4 = 0, -5*h + w = j - 2*j. What is the units digit of h?
3
Suppose -5*b - 4*z + 1653 = 0, -b - z + 331 = -0*b. What is the units digit of b?
9
What is the units digit of 50/15*(-21)/(-2)?
5
Suppose -12 = -4*k, -4*n + n = -5*k - 480. Suppose 3*t = -t + 3*m + n, 2*m = -t + 33. What is the units digit of t?
9
Suppose 8*d = 12*d - 152. What is the tens digit of d?
3
Suppose -6*f = -99 + 21. What is the units digit of f?
3
Let h(c) = 23*c - 5. Let j = -11 + 13. What is the units digit of h(j)?
1
Let u(k) = k**2 - 5*k + 6. Suppose 2*s + 3*g = 8 + 5, g = s - 4. Suppose -20 = -3*v + v - 3*w, v + s*w - 24 = 0. What is the units digit of u(v)?
2
Suppose 4*x + x - 80 = 0. What is the units digit of x?
6
Let i(f) = -f**2 - 2. Let v be i(-3). Let l = v - -7. What is the units digit of (l/6)/(8/(-108))?
9
Suppose 5*i = -5*d - 6 + 26, -2*d - 28 = -4*i. Suppose -5*y = -y. Let z = y + i. What is the units digit of z?
6
Let k = 28 - 15. What is the units digit of k?
3
Let q(g) = g - 7. Let o be q(11). Suppose 6 = 2*j + 5*x - 74, -o*j = -x - 116. What is the units digit of j?
0
Let k be (1/(-2))/(2/(-20)). Suppose -4*h + k*h - 11 = 0. What is the tens digit of h?
1
Suppose -13 = -4*d + 3. What is the units digit of d?
4
Let w = -36 + -9. Let x = 80 + w. What is the tens digit of x?
3
Suppose 210 = 3*c + 3*x, 0 = -2*c - 4*x + 137 + 7. What is the units digit of c?
8
Let f(q) = q**3 - 4*q**2 + 4*q + 3. Let j(c) = c**3 - 9*c**2 + 9*c + 7. Let x(s) = 7*f(s) - 3*j(s). What is the units digit of x(1)?
4
Let c be (-20)/(-6)*6/4. Suppose -3*w - 1 = c. Let r = 3 + w. What is the units digit of r?
1
Let p(g) = -113*g - 5. What is the hundreds digit of p(-2)?
2
Let a = 34 - 0. What is the units digit of a?
4
Let g = 204 - 104. What is the units digit of g?
0
Let r = 21 - 15. Let b = -11 + r. Let h(y) = -y + 1. What is the units digit of h(b)?
6
Suppose -2*t + t = -4. Let k be (-78)/t - (-2)/(-4). Let w = k + 30. What is the tens digit of w?
1
Suppose 4*r - 15 = -4*d + 1, 3*d - 3*r - 24 = 0. Let f(g) = 8*g - 9. Let u(s) = s - 1. Let q(l) = 3*f(l) - 21*u(l). What is the tens digit of q(d)?
1
Let k(v) be the first derivative of -v**4/4 + 4*v**3/3 + 4*v**2 - 6*v + 2. Let r be k(5). Suppose 3*c + 7 = a, a = -c + 10 + r. What is the units digit of a?
6
Suppose -77 = -2*w - 27. Let r = w - 11. What is the tens digit of r?
1
Suppose -232 = -10*r + 6*r. Let g = r - 37. What is the units digit of g?
1
Suppose 2*v - 6*z + 2*z - 184 = 0, -5*v = -z - 415. What is the units digit of v?
2
Let w = -100 - -157. What is the units digit of w?
7
Let d(b) be the first derivative of -7*b**2 + b - 3. What is the units digit of d(-1)?
5
Let j = -61 + 125. What is the tens digit of j?
6
Let i = -8 + 1. Let x(o) = 3*o**2 + 5*o - 18. Let b(l) = -l**2 - 2*l + 6. Let g(z) = i*b(z) - 2*x(z). What is the units digit of g(-6)?
6
Let n be -3*3/(-9) + 0. Let c be 26 + 1*n/1. Suppose 3*u - q - c = 0, u - q = 14 - 3. What is the units digit of u?
8
Let z be 2/9 + (-1720)/(-36). Suppose 4*t - t = z. What is the units digit of t?
6
Let y be (-9)/(-3) - (-4 + 5). Let z be 1/(-2) - 10/(-4). Suppose w = -h + z, 4*w - y*h - 33 = -h. What is the units digit of w?
7
Suppose i - 84 = -0*i. What is the units digit of i?
4
What is the tens digit of 72*(1 - (-3 + 3))?
7
Suppose 0 = 4*x - 5 - 35. Suppose 5*h - 45 + x = 0. What is the units digit of h?
7
Let s = -7 + 3. Let z be 0*1/(-2) - s. Suppose z = -g + 5. What is the units digit of g?
1
Suppose -k - 4 = k. What is the units digit of (3/k)/(2/(-32))?
4
Let y = -5 + 8. Let u(i) = -2*i + 0 - 1 + i**2 + 0. What is the units digit of u(y)?
2
What is the units digit of -60*(-4 + 54/15)?
4
Let b = 9 - 6. Suppose 5*j + b*m - 2*m - 95 = 0, 0 = -j + m + 19. What is the tens digit of j?
1
Suppose 28 = 3*n + 4*x - 3, x = 2*n - 17. What is the units digit of n?
9
Let f(m) = 4*m**3 - m**2 - 2*m. What is the tens digit of f(2)?
2
Suppose 5*n + 66 = 11. Let c = -7 - n. What is the units digit of c?
4
Suppose 24 + 0 = 3*d. Suppose -k - d = k. Let b = k - -6. What is the units digit of b?
2
What is the units digit of 0/3*1 - (-177 + -1)?
8
Suppose -6*x + 3*x + 9 = 0. Suppose 0*b - 27 = -x*b. What is the units digit of b?
9
Suppose 0*y + 3*p = 5*y - 32, 0 = -5*y + p + 24. Suppose -5*q = -y*t + 7, 0 = 2*t - 3*q + 1 - 4. Suppose 23 - 5 = t*g. What is the units digit of g?
6
What is the tens digit of ((-12)/(-9))/(4/402)?
3
Suppose -2*u + 5 + 33 = 2*v, -5*v + 5*u = -105. What is the tens digit of 4 + -1 - v/(-1)?
2
Let s = 4 - 4. Suppose -w + 7*w - 252 = s. What is the units digit of w?
2
Suppose i = -4*z + 324, 3*i - 243 = -3*z - 2*i. What is the tens digit of z?
8
Let i(x) = -22*x - 16. What is the units digit of i(-9)?
2
Suppose -5*l - 5*t = -80, 2*t + 58 = 2*l + 2*l. What is the tens digit of l?
1
Let i(y) = 1. Let q(p) be the third derivative of -p**5/60 + 3*p**3 + 3*p**2. Let b(t) = 2*i(t) + q(t). What is the tens digit of b(0)?
2
Let k(m) = -9*m. Let h be k(-5). Let d = h - 24. What is the units digit of d?
1
Let n(r) = -6*r - 13. 